4671. Give i(145).
-4
Let g(k) = 63*k**2 - 13489*k + 1500. Give g(214).
2
Let r(w) = w**3 - 26*w**2 + 106*w - 3006. Calculate r(26).
-250
Let h(c) = -3*c**3 + 2412*c**2 + 192*c - 154369. What is h(804)?
-1
Let r(t) = -t**3 + 59*t**2 + 99*t + 5379. Calculate r(62).
-15
Let s(c) = -391*c**2 - 1193*c - 74. Give s(-3).
-14
Let p(w) = w**2 + 61*w + 994. Give p(-31).
64
Let d(j) = 95*j**2 + 139*j + 29. Calculate d(-1).
-15
Let w(g) = 58*g**3 + 919*g**2 + 21*g + 2636. What is w(-16)?
-4
Let o(c) = -c**3 - 31*c**2 - 259*c - 10537. Give o(-33).
188
Let y(b) = -8*b**3 + 74*b**2 + 82*b - 745. Determine y(9).
155
Let l(a) = 5*a**3 + 20*a**2 - 49339*a - 246594. Give l(-5).
-24
Let u(c) = -c**2 - 244*c + 6779. What is u(25)?
54
Let h(w) = -1053*w - 423303. What is h(-402)?
3
Let a(v) = -96*v + 230. Give a(-11).
1286
Let c(w) = -7*w**2 + 607*w + 5374. Give c(-9).
-656
Let a(d) = 6*d**2 + 922*d + 10865. Determine a(-12).
665
Let b(t) = 22*t**3 - 8452*t**2 - 6922*t - 3089. Give b(385).
-9
Let g(x) = -108*x - 12572. What is g(-117)?
64
Let m(o) = -o**3 - 26*o**2 - 41*o - 76. Determine m(-27).
1760
Let s(d) = -2647*d + 44982. Determine s(17).
-17
Let d(m) = -91*m - 2927. Determine d(-29).
-288
Let g(u) = -u**3 - 56*u**2 - 801*u - 2996. Determine g(-14).
-14
Let m(x) = -163*x**3 - 151*x**2 - 12*x - 9. Calculate m(-1).
15
Let w(o) = -20*o**2 + 1163*o - 165. Give w(58).
9
Let o(g) = -g**2 - 54544*g + 272750. Give o(5).
5
Let c(i) = -6969*i + 940818. Calculate c(135).
3
Let q(h) = 1030441*h - 30913224. What is q(30)?
6
Let b(q) = 5*q**2 - 199*q - 28249. What is b(98)?
269
Let y(b) = 31*b - 2693. Calculate y(-25).
-3468
Let o(p) = p**3 + 42*p**2 - 283*p + 73. Give o(-49).
-2867
Let p(w) = 3541*w**2 + 14139*w - 5. What is p(-4)?
95
Let v(q) = 19965*q - 838513. Give v(42).
17
Let w(s) = s**3 + 477*s**2 + 11689*s - 961. Calculate w(-26).
1
Let p(t) = t**3 + 13*t**2 - 468*t - 346. What is p(-29)?
-230
Let f(q) = -10*q**2 + 1737*q + 4063. Give f(176).
15
Let k(x) = 4284*x + 4296. What is k(-1)?
12
Let s(n) = -2*n**3 + 150*n**2 + 169*n - 984. Determine s(76).
308
Let w(b) = -45*b**2 - 12*b + 489. Calculate w(-5).
-576
Let f(s) = -s**3 - 4*s**2 + 248*s - 1352. Calculate f(6).
-224
Let y(g) = -81*g**2 + 7696*g - 56458. Determine y(87).
5
Let w(p) = -p**3 + 183*p**2 + 1957*p - 5206. Give w(193).
5
Let p(f) = -242*f**2 - 7743*f + 32. What is p(-32)?
0
Let z(r) = -12*r**2 - 2005*r - 25814. Give z(-13).
-1777
Let s(u) = 2*u**3 - 1749*u**2 - 15902*u + 12. Calculate s(-9).
3
Let o(x) = 2*x**2 + 220*x + 1495. Give o(-101).
-323
Let y(j) = 6*j**2 + 263*j - 3847. Calculate y(14).
1011
Let f(s) = 2*s**2 + 471*s + 18662. What is f(-185)?
-23
Let k(a) = 5*a**2 - 12602*a + 87991. Give k(7).
22
Let m(l) = 5*l**3 + 268*l**2 + 3227*l + 426. Give m(-18).
12
Let p(n) = 62*n**2 - 1207*n + 4745. Calculate p(14).
-1
Let d(t) = 13138*t + 1537216. What is d(-117)?
70
Let l(h) = -5997*h - 5985020. Determine l(-998).
-14
Let y(k) = -5077*k - 28165. Give y(-6).
2297
Let j(d) = 45*d**2 + 42*d - 145. What is j(4)?
743
Let a(x) = -2217*x - 165715. Give a(-75).
560
Let a(g) = 1823*g - 114875. Give a(63).
-26
Let f(z) = 69*z**3 - 21*z**2 - 376*z - 356. Give f(-1).
-70
Let c(b) = b**3 + 331*b**2 + 22544*b - 1506. What is c(-96)?
30
Let s(t) = 2*t**2 - 5621*t + 457959. Give s(84).
-93
Let z(j) = 2782*j - 626014. Give z(225).
-64
Let n(m) = -30*m**2 - 855*m - 3502. What is n(-4)?
-562
Let j(o) = -438*o - 61527. Calculate j(-140).
-207
Let o(t) = 3*t**2 - 4312*t - 117123. Determine o(1464).
-3
Let u(p) = -891*p + 115009. Give u(129).
70
Let y(m) = m**2 - 166*m + 5394. Determine y(87).
-1479
Let g(o) = 1328*o - 117843. Determine g(89).
349
Let z(o) = -o**3 - 45*o**2 + 142*o + 569. Calculate z(-48).
665
Let d(p) = 449*p - 215050. Give d(479).
21
Let q(p) = -8739*p - 61176. What is q(-7)?
-3
Let o(i) = -54705*i + 1422333. Determine o(26).
3
Let q(i) = 12353*i - 123649. What is q(10)?
-119
Let z(q) = q**3 + 115*q**2 - 5*q - 680. Give z(-115).
-105
Let f(r) = -r**3 - 12*r**2 - 12*r - 165. Give f(-8).
-325
Let s(b) = -6848*b + 116429. Determine s(17).
13
Let j(d) = -1099024*d + 6594133. Determine j(6).
-11
Let c(j) = 3714*j - 504938. Give c(136).
166
Let k(z) = 2*z**3 - 29*z**2 + 26*z - 853. Give k(15).
-238
Let b(i) = -11*i**2 - 1644*i + 14854. What is b(-158)?
2
Let i(q) = 908151*q - 4540721. Give i(5).
34
Let j(u) = -u**2 + 163*u - 1805. Determine j(150).
145
Let w(n) = -775*n**2 - 58121*n + 146. What is w(-75)?
-154
Let r(g) = -5*g**2 - 654*g + 20559. Give r(-157).
-8
Let c(v) = -39*v**3 + 3*v**2 + 102*v - 285. Calculate c(3).
-1005
Let y(l) = 196*l + 1575. Determine y(-12).
-777
Let p(x) = -3*x**2 + 132*x + 18. Give p(47).
-405
Let v(c) = 29*c**3 + 8*c**2 - 67*c - 153. What is v(-2)?
-219
Let k(f) = -251*f**2 - 126*f - 1. Calculate k(-1).
-126
Let y(j) = 28264*j + 254408. Give y(-9).
32
Let b(t) = -2*t**3 - 9*t**2 + 1429*t + 7134. Calculate b(-5).
14
Let o(x) = 2315*x - 243131. What is o(105)?
-56
Let s(k) = 29000*k - 609000. Calculate s(21).
0
Let z(r) = -10*r - 661. Determine z(-91).
249
Let b(n) = -n**2 + 95792*n - 2202733. Give b(23).
-46
Let q(o) = -29*o**2 + 2146*o - 8122. Calculate q(70).
-2
Let m(t) = -34648*t + 623656. Calculate m(18).
-8
Let k(b) = 62563*b + 438147. What is k(-7)?
206
Let w(g) = g**3 - 14*g**2 - 668*g + 7990. Determine w(12).
-314
Let m(z) = -z**3 - 23*z**2 + 30*z - 362. Determine m(-25).
138
Let v(o) = 783*o - 41349. Determine v(53).
150
Let a(d) = -17*d**2 - 50*d - 104. Determine a(-2).
-72
Let p(n) = -15261*n + 61047. What is p(4)?
3
Let h(z) = 544*z + 214217. What is h(-394)?
-119
Let h(c) = 7*c**2 + 3157*c + 53696. Give h(-17).
2050
Let a(r) = 103*r + 6924. Give a(-54).
1362
Let h(m) = -2*m**3 + 380*m**2 + 24*m - 4554. Give h(190).
6
Let y(f) = -4*f**2 + 177*f - 770. What is y(6)?
148
Let f(o) = -o**3 + 1035*o**2 + 33*o + 21. Determine f(0).
21
Let r(q) = -13789*q - 82793. Give r(-6).
-59
Let x(o) = -6*o**2 + 970*o + 8409. Calculate x(170).
-91
Let s(f) = -2949*f - 212360. Determine s(-72).
-32
Let s(k) = 841*k - 1594. Calculate s(2).
88
Let r(a) = 21*a**2 + 652*a - 1235. What is r(-33)?
118
Let p(b) = 143*b - 47343. What is p(331)?
-10
Let r(b) = 2*b**2 - 19739*b - 1031837. Give r(-52).
-1
Let g(r) = 56968*r + 113931. What is g(-2)?
-5
Let w(z) = -21656*z + 1667493. Calculate w(77).
-19
Let f(b) = -2*b**2 + 412*b + 17459. Give f(242).
35
Let m(y) = y**2 + 5255*y + 5217655. Calculate m(-1329).
1
Let w(l) = 2243*l + 65479. Determine w(-29).
432
Let h(b) = 17*b**2 - 30*b - 2024. What is h(12)?
64
Let y(d) = d**2 + 1033*d + 249140. Give y(-384).
-76
Let k(m) = m**3 - 47*m**2 + 36*m + 582. What is k(46)?
122
Let c(t) = -53275*t - 852429. What is c(-16)?
-29
Let t(u) = -23119*u + 23114. Calculate t(1).
-5
Let d(o) = -493053*o + 986096. Calculate d(2).
-10
Let r(l) = -1022*l + 17963. What is r(18)?
-433
Let c(y) = 20*y**2 - 201*y - 97. Calculate c(17).
2266
Let a(z) = -2355*z - 23774. What is a(-10)?
-224
Let t(h) = -403*h - 7893. Give t(-20).
167
Let l(j) = -j**2 - 53368*j + 693961. Determine l(13).
8
Let r(b) = -3328222*b + 16641117. What is r(5)?
7
Let t(c) = -10662*c - 10363. Calculate t(-1).
299
Let t(b) = -14256*b + 4062958. What is t(285)?
-2
Let u(q) = 13*q**3 - 2824*q**2 + 647*q + 881. What is u(217)?
13
Let u(s) = -8604*s + 4783818. Calculate u(556).
-6
Let g(k) = -8*k**2 + 245*k + 2597. What is g(-10)?
-653
Let a(p) = 2*p**2 + 8*p - 1484. What is a(29)?
430
Let h(q) = 669*q + 8139. Determine h(-12).
111
Let g(w) = -7*w**2 + 574*w + 1796. What is g(85)?
11
Let x(r) = -4455*r + 26411. Calculate x(6).
-319
Let g(s) = 174513*s - 1221604. Calculate g(7).
-13
Let r(b) = 33*b**2 + 696*b + 3424. Give r(-5).
769
Let s(q) = 167*q**2 - 4969*q - 1223. Determine s(30).
7
Let y(x) = 88*x + 6445. Give y(-41).
2837
Let k(n) = -319*n - 17275. Give k(-55).
270
Let t(d) = 2*d**2 + 22*d + 1. Determine t(-13).
53
Let p(h) = 6*h**2 - 622*h - 11595. Give p(-16).
-107
Let p(x) = -x**3 - 28*x**2 + 124*x + 3420. Give p(-11).
-1
Let b(z) = -z**2 + 19*z + 3353. Calculate b(-42).
791
Let x(u) = u**2 - 196*u - 20114. Determine x(-74).
-134
Let f(k) = -314*k**3 - 2*k**2 - 24*k + 26. Give f(1).
-314
Let t(f) = f**2 - 307*f + 13039. Give t(256).
-17
Let v(w) = -2*w**3 + 14*w**2 + 28*w - 309. What is v